 3*4/6*22. Suppose u = 8*y - 92. What is the remainder when y is divided by 8?
1
Let v(w) = w**2 + 4*w + 2. Let u be v(-1). What is the remainder when 203 is divided by (-134)/(-3) + -4 + u/(-3)?
39
Suppose -11*k + 9*k = -12. Suppose -k*h + h = -45. Suppose 3*b + 102 = 3*s, -4*b + 2*b = 0. What is the remainder when s is divided by h?
7
Suppose -k = -b - 234, 5*k = -b + 3*b + 1179. Let v = -139 + k. What is the remainder when v is divided by 20?
18
Let h(z) = z**2 + 4*z - 1. Calculate the remainder when h(3) is divided by 13.
7
Calculate the remainder when 24 is divided by (-8640)/(-544) + (2/17)/1.
8
Let l(v) = -v**2 + 6*v + 7. Let s be l(-1). Suppose -5*h + 3*k = -21, -5*k - 10 - 3 = -h. Let p = h + s. Calculate the remainder when 7 is divided by p.
1
Let o = 260 - 172. Let w(h) be the third derivative of -h**6/60 - h**5/20 + h**4/12 - h**3/2 - 4*h**2. What is the remainder when o is divided by w(-3)?
16
Let g = 620 + -333. What is the remainder when g is divided by 12?
11
Let u(m) = -m**2 + 5*m + 2. Let t be 2/1 - (-1 + 10). Let i = 0 - t. What is the remainder when i is divided by u(5)?
1
Suppose 2*m - 5*m = -177. Calculate the remainder when m is divided by 62/4 + (-29)/58.
14
What is the remainder when 196 is divided by (-50)/(-4)*(50 - 46)?
46
Suppose 2*q - 82 = -2*v, 7*v = 11*v - 20. What is the remainder when q is divided by 19?
17
Let o(a) = a**3 + 10*a**2 + 11*a + 1. What is the remainder when o(-7) is divided by 7?
1
Let h be (-3 - -6)/9 + 1696/(-12). Let o = -133 - h. Calculate the remainder when 43 is divided by o.
3
Suppose -1744 = -58*o + 518. What is the remainder when 62 is divided by o?
23
Suppose -21*t = -19*t - 34. Calculate the remainder when 94 is divided by t.
9
Suppose 4*h - 1256 = -2*g - 2*g, -3*h - 306 = -g. Suppose 10*l = 28 + g. Calculate the remainder when l is divided by 10.
4
Let h(f) = -6*f + 12. Let a be h(7). What is the remainder when (1 + (-102)/(-4))/((-15)/a) is divided by 16?
5
Suppose 3*l - 3*p = 15, 2*l - 3*l = 5*p - 29. Let s = 32 - l. Let a = -143 + 209. What is the remainder when a is divided by s?
20
Let a(f) = -f**3 + 8*f**2 + 7*f + 8. Let u be a(9). Let v(i) = i + 12. Let n be v(u). Suppose 7*o - n*o = 110. What is the remainder when 65 is divided by o?
21
Suppose 59 = 2*p + 5*w, -3*p - 4*w - w + 86 = 0. Calculate the remainder when p is divided by 5 - (1 + -2) - -2.
3
Let p = 910 - 898. Let k(a) = -11*a - 3. What is the remainder when k(-10) is divided by p?
11
Let b = 1112 - 1077. Let j(n) = -3*n + 1 - 5*n - 3*n. What is the remainder when b is divided by j(-1)?
11
Suppose -l = 2*r, -3*l + 16 = r + 1. Suppose f - l*f = 0. Suppose f*i - 2 = -i. Calculate the remainder when i is divided by 1.
0
Let k be 0/(-2*(-3 - -4)). Suppose 84 = 3*i - k*i. What is the remainder when i is divided by 1 + 1 - 2 - -6?
4
Suppose 13*b = 17*b - 276. Let a(s) = -s**3 + s - 6. What is the remainder when b is divided by a(-3)?
15
Suppose n = 2*o + 9, -28 = -4*n + 5*o - o. Let p = 406 + -357. Suppose -n*z + 11 + p = 0. Calculate the remainder when 33 is divided by z.
9
Suppose -23*s - 5353 = -124*s. What is the remainder when s is divided by 1/((-11)/6 - -2)?
5
Let s = 6 + 5. Let x = 114 + s. Calculate the remainder when x is divided by 32.
29
What is the remainder when (46/(-6))/((-51)/153) is divided by 12?
11
Let x = -52 - -160. Suppose -3*y - x = 5*f, 0 = 3*f - 5*f - 4*y - 32. Let s = -15 - f. Calculate the remainder when s is divided by 6.
3
Let o = -2 + 26. Let a = -169 - -239. Calculate the remainder when a is divided by o.
22
Suppose 82 = -0*h + 2*h. Let z be (-2)/(-1) + 1/1. Suppose 0 = -t + 5*l + 27, -3*t + t - z*l + 41 = 0. What is the remainder when h is divided by t?
19
Let g(c) = c**2 + 6*c - 6. Let m be g(-7). Let n be 1*m*(-42)/(-2). Suppose -9*h + n = -6*h. What is the remainder when 27 is divided by h?
6
Suppose -q = -3*o + 61, -4*o + 2*o = -4*q - 24. Let p = 251 + -120. What is the remainder when p is divided by o?
21
Let x = -15 - -17. Suppose 4*f = -x*f - 222. Let w = 57 + f. What is the remainder when 79 is divided by w?
19
Suppose 0 = 3*n + 23*n - 442. What is the remainder when 26 is divided by n?
9
Let l(t) = 4*t + 14. Let p(v) = -v**3 - 10*v**2 - 12*v - 19. Calculate the remainder when l(4) is divided by p(-9).
6
Let q(k) = 6*k**3 - 21*k**2 + 10*k - 3. What is the remainder when q(7) is divided by 18?
16
Let o = -188 + 335. Calculate the remainder when o is divided by 30.
27
Suppose 612 + 4583 = 5*r. Suppose k = 3*u - 710, 4*u - 5*k - r + 74 = 0. What is the remainder when u is divided by 34?
31
Let y be -6*(-4)/18*3. Suppose -y*z = 2*z + 192. Let u = 54 + z. What is the remainder when 65 is divided by u?
21
Suppose -s = 3*x, -3*x + 7*x - 5*s = 0. Suppose x = -2*z + 148 + 52. Calculate the remainder when z is divided by 34.
32
Let k(g) = -25*g**2 - 63*g + 5. Suppose -25 = -5*t - 5. What is the remainder when t*(-23)/5*-5 is divided by k(-2)?
30
Let v = 123 + -76. Calculate the remainder when 233 is divided by v.
45
Suppose -p + 4*o + 150 - 26 = 0, 0 = 3*p - 2*o - 362. Suppose 4*d - 4*b = p, d + 2*d + 2*b - 95 = 0. Calculate the remainder when d is divided by 11.
9
Let u(m) = -m**2 + 1. Let j = 1 + 1. Let x be u(j). Calculate the remainder when 27*x/(9/(-3)) is divided by 15.
12
Let y(v) = -v**2 + 6*v - 1. Let x = 19 + -14. Let b be y(x). What is the remainder when 81 is divided by 10*2 - (b + -5)?
18
Let n(x) = x**3 - 9*x**2 + x + 9. Let j = -140 + 245. Calculate the remainder when j is divided by n(9).
15
Suppose -20*p + 3892 = -6048. What is the remainder when p is divided by 6?
5
Let v(o) = 2*o**3 + 12*o**2 - 14*o + 4. Let t be v(-7). What is the remainder when 22 is divided by 1/(1 - t/5)?
2
Suppose a - 45 = -4*g - 0*g, 0 = a - 2*g - 39. Calculate the remainder when a is divided by 11.
8
Let c = -6 - -16. Calculate the remainder when 77 is divided by c.
7
Let k be 1/(1 - 18/20). Suppose -3*s + k = -29. Suppose 4*i + 2*a - 210 = 0, 5*a = 4*i - 242 + 53. Calculate the remainder when i is divided by s.
12
Suppose -233 = -5*g - 2*b, -5*g + 4*b = 5*b - 234. What is the remainder when g is divided by 18?
11
Let l be 3 + ((-1)/1)/1. Suppose l*h = -c + 176, h = 4*h - 5*c - 264. Let t = 151 - h. Calculate the remainder when t is divided by 16.
15
Let o(r) = 30*r - 2. Let m be o(2). Let d = m + -5. Let b = d + -20. What is the remainder when b is divided by 17?
16
Suppose o + 56 = 4*a, 3*a + 80*o = 85*o + 25. Calculate the remainder when 1947 is divided by a.
12
Let w = 6 + -11. What is the remainder when (-3 + 8/(-3))/((-2)/12) is divided by 24/(-10)*(0 + w)?
10
Let c = -20 - -24. Calculate the remainder when 13 is divided by c.
1
Suppose 8*h + 353 = 793. Suppose p + 2*p = 87. Calculate the remainder when h is divided by p.
26
Suppose -u = -3*r - 131, u + 12*r = 13*r + 133. Calculate the remainder when u is divided by 35.
29
Let c(h) = -h - 1. Let q be c(13). Calculate the remainder when ((-2)/(-6))/(1/102) is divided by 33/11*q/(-6).
6
Suppose -a - m + 70 = 0, -4*m - 27 = -a + 23. Calculate the remainder when a is divided by 26.
14
Suppose -2*f + 144 = 12. Suppose 5*u - f = -11. What is the remainder when u is divided by 5?
1
Suppose -14*d + 2457 = -917. What is the remainder when d is divided by 85?
71
Let j = -24 - -41. Let q = -100 + 110. Calculate the remainder when j is divided by q.
7
Suppose -168 = 140*v - 1008. Calculate the remainder when 11 is divided by v.
5
Let g be -4 - -3 - ((-2)/2 + -9). Calculate the remainder when 321/15 + 2 + g/15 is divided by 5.
4
Let a(v) = -16*v - 83. What is the remainder when 83 is divided by a(-7)?
25
Suppose -160 = -5*q - 5*s - 0*s, 67 = 2*q + 5*s. Suppose 4*w - 33 = q. What is the remainder when w is divided by 4?
0
Calculate the remainder when 1122/6 + (-10 - -1) is divided by 34.
8
Let g = -345 - -385. Calculate the remainder when 50 is divided by g.
10
Suppose 2*w - 6*w + 36 = c, -16 = -c + w. What is the remainder when 57 is divided by c?
17
Suppose 8*q - 37 = 7*q + 3*b, b + 45 = q. Calculate the remainder when q is divided by 28.
21
Let k = 65 - -5. What is the remainder when k is divided by 18?
16
Let b = 385 + -371. Calculate the remainder when 106 is divided by b.
8
Suppose 3*w + 4*g = 92 + 551, w - 227 = 5*g. Let y = w + -167. Calculate the